hat is 3a4 + -138a?
-dc6
In base 7, what is 1250 - 136554?
-135304
In base 5, what is 0 + 32411113043?
32411113043
In base 4, what is -1121101222302 - -10?
-1121101222232
In base 11, what is -14866628 + -6?
-14866633
In base 12, what is 658 + 3726?
4182
In base 9, what is -124210502 - 21?
-124210523
In base 9, what is 245 + 4711?
5056
In base 8, what is -41747 - -276?
-41451
In base 3, what is 211210012102102 - -10?
211210012102112
In base 16, what is 2688442 + f?
2688451
In base 10, what is -1272639224 + -2?
-1272639226
In base 16, what is -aa + 12641?
12597
In base 5, what is 110042440 + -30?
110042410
In base 11, what is 41666 - -500?
42066
In base 6, what is 503525011 - -3?
503525014
In base 16, what is 198 + 26b3?
284b
In base 13, what is -1aa82 - 470?
-1b222
In base 14, what is 7 - da04c3?
-da04ba
In base 9, what is 6154 + 4423?
11577
In base 8, what is -567 - 212161?
-212750
In base 4, what is 11 - 23103301213?
-23103301202
In base 2, what is 100100101000001010011010001 + 110?
100100101000001010011010111
In base 12, what is 2a918b7 - 10?
2a918a7
In base 10, what is 509 + -281926?
-281417
In base 2, what is 11101111011000010010101 + -1?
11101111011000010010100
In base 2, what is 101010001101010001101010 - 1?
101010001101010001101001
In base 8, what is -676 + -332126?
-333024
In base 15, what is 1 - 44803bc?
-44803bb
In base 8, what is 2 + 5357753?
5357755
In base 7, what is -244240 + 4503?
-236434
In base 14, what is -72b745 + b?
-72b738
In base 16, what is -16291b50 - -5?
-16291b4b
In base 13, what is c1a - -191c?
2839
In base 2, what is 11000010110111000111111 - 110?
11000010110111000111001
In base 9, what is 2407 - 3478?
-1071
In base 16, what is -b331871 - -1?
-b331870
In base 16, what is -d85b9 + 7?
-d85b2
In base 11, what is 76913 - 1?
76912
In base 14, what is -92439cb - -2?
-92439c9
In base 15, what is 16e785 + 63?
16e7e8
In base 9, what is 48278811 - 1?
48278810
In base 7, what is 20653411206 + -4?
20653411202
In base 6, what is -3432051541 + -1?
-3432051542
In base 4, what is -1021 - -30022011?
30020330
In base 15, what is 660b5a - -3a?
660b95
In base 9, what is -6 - -46652435?
46652428
In base 13, what is -78 + 7c992?
7c917
In base 10, what is -34529479 + 5?
-34529474
In base 7, what is 13 - 4335333?
-4335320
In base 13, what is 172 + -5483?
-5311
In base 13, what is -327a05 + -3?
-327a08
In base 4, what is -201200 - 10203?
-212003
In base 15, what is -d6 + 57059?
56e73
In base 5, what is 12012442 + -2233?
12010204
In base 4, what is -13023033312332 + 0?
-13023033312332
In base 5, what is -23212223413 - -2?
-23212223411
In base 16, what is 2099e + -5?
20999
In base 13, what is 1465b3 - -10?
1465c3
In base 11, what is -4 + -1728718?
-1728721
In base 8, what is -141 - 4701007?
-4701150
In base 5, what is 2 + -1021222200?
-1021222143
In base 13, what is 5 - 1b4c935?
-1b4c930
In base 10, what is 6 + 700947?
700953
In base 3, what is 21111200 + 102121001?
201002201
In base 7, what is 16564 - 11204?
5360
In base 16, what is 16b81d + -23?
16b7fa
In base 15, what is -16e99 - 53?
-16eec
In base 5, what is -103023 - -3104320?
3001242
In base 5, what is 322400 - 223411?
43434
In base 6, what is 112325 - 2541?
105344
In base 6, what is -10 - 53024011?
-53024021
In base 10, what is 57 - 4906847?
-4906790
In base 2, what is 1111101000101 - -100011001?
10000001011110
In base 5, what is 21 - 102332443?
-102332422
In base 6, what is 24 - -322530520?
322530544
In base 9, what is -1056777145 - 5?
-1056777151
In base 2, what is -100100001100 - -1000110010010101?
1000001110001001
In base 8, what is -366542120 + 0?
-366542120
In base 5, what is -232420011 + -11?
-232420022
In base 6, what is -2 - 2441423451?
-2441423453
In base 5, what is 213332 + 140221?
404103
In base 12, what is -2 - 4b5b314b?
-4b5b3151
In base 5, what is -4 - 1412211132?
-1412211141
In base 5, what is -11013001003 - -221?
-11013000232
In base 16, what is -2dd8 + -1c9?
-2fa1
In base 7, what is 3160106120 - -14?
3160106134
In base 11, what is 3a97 - -663?
464a
In base 10, what is 307349920 - -4?
307349924
In base 15, what is 5099b + 2b6?
50c62
In base 15, what is 4aed259 - 3?
4aed256
In base 16, what is -e + ae914?
ae906
In base 12, what is -408231 - -6?
-408227
In base 12, what is 3a1326 + 47?
3a1371
In base 4, what is 121 + 10021302232?
10021303013
In base 10, what is -2539695 + 207?
-2539488
In base 10, what is 1 + -42497335?
-42497334
In base 11, what is 281896 + -79?
281818
In base 4, what is -130133 + 133010022?
132213223
In base 2, what is -1110101110010101010101011 + 1?
-1110101110010101010101010
In base 9, what is 87 + -371211?
-371113
In base 9, what is -1 + 1125386?
1125385
In base 3, what is 1011 + 1102100112002?
1102100120020
In base 2, what is -110111001001001011100 - 100?
-110111001001001100000
In base 10, what is -142682 + -1981?
-144663
In base 6, what is 4403 + 113011?
121414
In base 6, what is 2522512114 - 5?
2522512105
In base 15, what is -3 - 4ab34c4?
-4ab34c7
In base 9, what is -21 + 20338162?
20338141
In base 4, what is 1001133003223 - -11?
1001133003300
In base 11, what is -84 - -1518255?
1518181
In base 10, what is 51 + -5022955?
-5022904
In base 13, what is -100 + 2099?
1c99
In base 3, what is -10020121111201122120 - 1?
-10020121111201122121
In base 15, what is 1385394 - -8?
138539c
In base 5, what is -3321313323 + -1?
-3321313324
In base 11, what is -1 + 13554a1?
13554a0
In base 2, what is -1011000101101 - -100101101011?
-110011000010
In base 15, what is 3 - -309821?
309824
In base 2, what is 10100101000101100000100001 + -101?
10100101000101100000011100
In base 3, what is -1 - -2110002012100?
2110002012022
In base 12, what is 829 - -2b764?
30391
In base 13, what is 1b6 - 692a5?
-690bc
In base 3, what is -1 + -2210020002021?
-2210020002022
In base 2, what is -10001110100100101011100101 - 1?
-10001110100100101011100110
In base 2, what is -11100011111000000010111100101 - -11?
-11100011111000000010111100010
In base 2, what is 111100001110001 - -101011010?
111100111001011
In base 5, what is -332440 + 1100?
-331340
In base 16, what is -36 - -d1bf14?
d1bede
In base 6, what is -1 - -1422015435?
1422015434
In base 8, what is -46757 - 163233?
-232212
In base 8, what is -132717416 - -2?
-132717414
In base 8, what is 1 + -230302210?
-230302207
In base 3, what is -1112001202 - 1102022?
-1120111001
In base 9, what is -35054 - -332?
-34622
In base 7, what is -6 + -6131444?
-6131453
In base 15, what is 162e2 - da9?
15438
In base 2, what is -10100001010000001 + -100101010?
-10100001110101011
In base 14, what is -141db0 - 7?
-141db7
In base 4, what is -101 + -233101231?
-233101332
In base 8, what is 73750 + 265?
74235
In base 14, what is c52b - -8c23?
17350
In base 15, what is -12e5d2 + 136?
-12e49b
In base 10, what is 528 - 1162?
-634
In base 9, what is 86 + -12302?
-12205
In base 10, what is 530533 - -142?
530675
In base 11, what is -aa6a5 + -3?
-aa6a8
In base 16, what is 24d02 - -489?
2518b
In base 12, what is -a67553a - -5?
-a675535
In base 7, what is -1 + 36155536?
36155535
In base 9, what is 538702 + -71?
538621
In base 10, what is -9494763 + -4?
-9494767
In base 15, what is 0 + 56b2b1?
56b2b1
In base 6, what is 151 - 2022240?
-2022045
In base 14, what is a5 + -4a129?
-4a064
In base 9, what is 1476 - -5603?
7180
In base 5, what is 13423130 + -2240?
13420340
In base 5, what is -1 + 3132312313?
3132312312
In base 7, what is 54 - -1506563?
1506650
In base 5, what is -4134 - -144013034?
144003400
In base 14, what is -5c32 + 3bc?
-5854
In base 2, what is -100 + -100011100010111101010?
-100011100010111101110
In base 8, what is 167274 + 423?
167717
In base 2, what is 11 - -1000011101011111110010?
1000011101011111110101
In base 2, what is 11 - 111001011101110000?
-111001011101101101
In base 12, what is -2b8093 - -10b?
-2b7b84
In base 9, what is 1686 - 1211778?
-1210082
In base 14, what is 2 + 531a51?
531a53
In base 8, what is 32 + -3306610?
-3306556
In base 3, what is 20022002 + 12001001?
102100010
In base 7, what is 4 - 112212554?
-112212550
In base 8, what is 143475355 - -21?
143475376
In base 6, what is -2020 - 4045312?
-4051332
In base 13, what is -769 - 1517a9?
-152245
In base 16, what is 6b42 - 58?
6aea
In base 14, what is 2a42b14 - 9?
2a42b09
In base 11, what i